{"id":60,"date":"2016-08-03T12:52:55","date_gmt":"2016-08-03T17:52:55","guid":{"rendered":"https:\/\/themify.me\/demo\/themes\/ultra-agency\/?page_id=15"},"modified":"2021-03-24T08:18:37","modified_gmt":"2021-03-24T13:18:37","slug":"contacto","status":"publish","type":"page","link":"https:\/\/joalsoft.com\/?page_id=60","title":{"rendered":"Contacto"},"content":{"rendered":"<!-- wp:themify-builder\/canvas \/--><!--themify_builder_static--><h1>Contacto<\/h1>\n<i><svg><use href=\"#tf-far-map-marker\"><\/use><\/svg><\/i>\n<p>Direcci\u00f3n Empresa<br \/>Carrera 33 # 13 &#8211; 23, Duitama &#8211; (Boyac\u00e1) Colombia<\/p>\n<i><svg><use href=\"#tf-fas-mobile\"><\/use><\/svg><\/i>\n<p>Tel\u00e9fono\u00a0(57) 3212625465<\/p>\n<i><svg><use href=\"#tf-far-user\"><\/use><\/svg><\/i>\n<p>joalsoft@joalsoft.com<br \/> info@joalsoft.com<br \/> soporte@joalsoft.com<\/p>\n<p>Si desea puede ser contactado, para ello por favor diligencie el siguiente formulario, le invitamos a que nos d\u00e9 la oportunidad de mostrarle m\u00e1s sobre nuestra relaci\u00f3n costo \u2013 beneficio en nuestros productos. Todas sus inquietudes ser\u00e1n aclaradas y respondidas sin ning\u00fan costo.<\/p> <p style=\"text-align: center;\">Los campos marcados con (*) son requeridos u obligatorios<\/p>\n<div class=\"wpforms-container wpforms-container-full\" id=\"wpforms-276\"><form id=\"wpforms-form-276\" class=\"wpforms-validate wpforms-form\" data-formid=\"276\" method=\"post\" enctype=\"multipart\/form-data\" action=\"\/index.php?rest_route=%2Fwp%2Fv2%2Fpages%2F60\" data-token=\"d631de283347b03830dc84308445d7bc\"><noscript class=\"wpforms-error-noscript\">Por favor, activa JavaScript en tu navegador para completar este formulario.<\/noscript><div class=\"wpforms-field-container\"><div id=\"wpforms-276-field_0-container\" class=\"wpforms-field wpforms-field-name\" data-field-id=\"0\"><label class=\"wpforms-field-label\" for=\"wpforms-276-field_0\">Nombre <span class=\"wpforms-required-label\">*<\/span><\/label><input type=\"text\" id=\"wpforms-276-field_0\" class=\"wpforms-field-medium wpforms-field-required\" name=\"wpforms[fields][0]\" required><\/div><div id=\"wpforms-276-field_5-container\" class=\"wpforms-field wpforms-field-text\" data-field-id=\"5\"><label class=\"wpforms-field-label\" for=\"wpforms-276-field_5\">Direcci\u00f3n<\/label><input type=\"text\" id=\"wpforms-276-field_5\" class=\"wpforms-field-medium\" name=\"wpforms[fields][5]\" ><\/div><div id=\"wpforms-276-field_6-container\" class=\"wpforms-field wpforms-field-text\" data-field-id=\"6\"><label class=\"wpforms-field-label\" for=\"wpforms-276-field_6\">Ciudad<\/label><input type=\"text\" id=\"wpforms-276-field_6\" class=\"wpforms-field-medium\" name=\"wpforms[fields][6]\" ><\/div><div id=\"wpforms-276-field_7-container\" class=\"wpforms-field wpforms-field-text\" data-field-id=\"7\"><label class=\"wpforms-field-label\" for=\"wpforms-276-field_7\">Tel\u00e9fono <span class=\"wpforms-required-label\">*<\/span><\/label><input type=\"text\" id=\"wpforms-276-field_7\" class=\"wpforms-field-medium wpforms-field-required\" name=\"wpforms[fields][7]\" required><\/div><div id=\"wpforms-276-field_1-container\" class=\"wpforms-field wpforms-field-email\" data-field-id=\"1\"><label class=\"wpforms-field-label\" for=\"wpforms-276-field_1\">Correo electr\u00f3nico <span class=\"wpforms-required-label\">*<\/span><\/label><input type=\"email\" id=\"wpforms-276-field_1\" class=\"wpforms-field-medium wpforms-field-required\" name=\"wpforms[fields][1]\" required><\/div><div id=\"wpforms-276-field_8-container\" class=\"wpforms-field wpforms-field-select wpforms-field-select-style-classic\" data-field-id=\"8\"><label class=\"wpforms-field-label\" for=\"wpforms-276-field_8\">Servicio Requerido <span class=\"wpforms-required-label\">*<\/span><\/label><select id=\"wpforms-276-field_8\" class=\"wpforms-field-medium wpforms-field-required\" name=\"wpforms[fields][8]\" required=\"required\"><option value=\"Soporte\" >Soporte<\/option><option value=\"Cotizaci\u00f3n\" >Cotizaci\u00f3n<\/option><option value=\"Pregunta\" >Pregunta<\/option><option value=\"Queja\" >Queja<\/option><option value=\"Sugerencia\" >Sugerencia<\/option><option value=\"Otro\" >Otro<\/option><\/select><\/div><div id=\"wpforms-276-field_2-container\" class=\"wpforms-field wpforms-field-textarea\" data-field-id=\"2\"><label class=\"wpforms-field-label\" for=\"wpforms-276-field_2\">Comentario o mensaje <span class=\"wpforms-required-label\">*<\/span><\/label><textarea id=\"wpforms-276-field_2\" class=\"wpforms-field-medium wpforms-field-required\" name=\"wpforms[fields][2]\" required><\/textarea><\/div><\/div><div class=\"wpforms-submit-container\" ><input type=\"hidden\" name=\"wpforms[id]\" value=\"276\"><input type=\"hidden\" name=\"wpforms[author]\" value=\"1\"><button type=\"submit\" name=\"wpforms[submit]\" class=\"wpforms-submit \" id=\"wpforms-submit-276\" value=\"wpforms-submit\" aria-live=\"assertive\" data-alt-text=\"Enviando...\" data-submit-text=\"Enviar\">Enviar<\/button><\/div><\/form><\/div>  <!-- .wpforms-container --><!--\/themify_builder_static--><!-- AddThis Advanced Settings generic via filter on the_content --><!-- AddThis Share Buttons generic via filter on the_content -->","protected":false},"excerpt":{"rendered":"<p>Contacto Direcci\u00f3n EmpresaCarrera 33 # 13 &#8211; 23, Duitama &#8211; (Boyac\u00e1) Colombia Tel\u00e9fono\u00a0(57) 3212625465 joalsoft@joalsoft.com info@joalsoft.com soporte@joalsoft.com Si desea puede ser contactado, para ello por favor diligencie el siguiente formulario, le invitamos a que nos d\u00e9 la oportunidad de mostrarle m\u00e1s sobre nuestra relaci\u00f3n costo \u2013 beneficio en nuestros productos. Todas sus inquietudes ser\u00e1n aclaradas [&hellip;]<!-- AddThis Advanced Settings generic via filter on get_the_excerpt --><!-- AddThis Share Buttons generic via filter on get_the_excerpt --><\/p>\n","protected":false},"author":1,"featured_media":0,"parent":0,"menu_order":0,"comment_status":"closed","ping_status":"closed","template":"","meta":{"footnotes":""},"class_list":["post-60","page","type-page","status-publish","hentry","has-post-title","has-post-date","has-post-category","has-post-tag","has-post-comment","has-post-author",""],"builder_content":"<h1>Contacto<\/h1>\n<i><svg><use href=\"#tf-far-map-marker\"><\/use><\/svg><\/i>\n<p>Direcci\u00f3n Empresa<br \/>Carrera 33 # 13 - 23, Duitama - (Boyac\u00e1) Colombia<\/p>\n<i><svg><use href=\"#tf-fas-mobile\"><\/use><\/svg><\/i>\n<p>Tel\u00e9fono\u00a0(57) 3212625465<\/p>\n<i><svg><use href=\"#tf-far-user\"><\/use><\/svg><\/i>\n<p>joalsoft@joalsoft.com<br \/> info@joalsoft.com<br \/> soporte@joalsoft.com<\/p>\n<p>Si desea puede ser contactado, para ello por favor diligencie el siguiente formulario, le invitamos a que nos d\u00e9 la oportunidad de mostrarle m\u00e1s sobre nuestra relaci\u00f3n costo \u2013 beneficio en nuestros productos. Todas sus inquietudes ser\u00e1n aclaradas y respondidas sin ning\u00fan costo.<\/p> <p style=\"text-align: center;\">Los campos marcados con (*) son requeridos u obligatorios<\/p>\n[wpforms id=\"276\"]","_links":{"self":[{"href":"https:\/\/joalsoft.com\/index.php?rest_route=\/wp\/v2\/pages\/60","targetHints":{"allow":["GET"]}}],"collection":[{"href":"https:\/\/joalsoft.com\/index.php?rest_route=\/wp\/v2\/pages"}],"about":[{"href":"https:\/\/joalsoft.com\/index.php?rest_route=\/wp\/v2\/types\/page"}],"author":[{"embeddable":true,"href":"https:\/\/joalsoft.com\/index.php?rest_route=\/wp\/v2\/users\/1"}],"replies":[{"embeddable":true,"href":"https:\/\/joalsoft.com\/index.php?rest_route=%2Fwp%2Fv2%2Fcomments&post=60"}],"version-history":[{"count":13,"href":"https:\/\/joalsoft.com\/index.php?rest_route=\/wp\/v2\/pages\/60\/revisions"}],"predecessor-version":[{"id":366,"href":"https:\/\/joalsoft.com\/index.php?rest_route=\/wp\/v2\/pages\/60\/revisions\/366"}],"wp:attachment":[{"href":"https:\/\/joalsoft.com\/index.php?rest_route=%2Fwp%2Fv2%2Fmedia&parent=60"}],"curies":[{"name":"wp","href":"https:\/\/api.w.org\/{rel}","templated":true}]}}